{"id":2004,"date":"2026-02-23T15:11:51","date_gmt":"2026-02-23T15:11:51","guid":{"rendered":"https:\/\/nideal.realadvisor.io\/sales\/prilly-1008-prilly-a\/"},"modified":"2026-04-30T21:34:18","modified_gmt":"2026-04-30T21:34:18","slug":"prilly-1008-prilly-a","status":"publish","type":"listing","link":"https:\/\/nideal.realadvisor.io\/en\/sales\/prilly-1008-prilly-a\/","title":{"rendered":"Prilly - Appartement de 2.5 pi\u00e8ces d'env. 65 m2"},"content":{"rendered":"<h2>Tr\u00e8s bel appartement !<\/h2>\n<p>A 3 min \u00e0 pied des transports publics, dans un immeuble tr\u00e8s bien entretenu, proche \u00e9galement des \u00e9coles, des commerces et rapidement accessible aux axes routiers.<\/p>\n<p>Actuellement en location.<\/p>\n<p>C'est un appartement tr\u00e8s lumineux, avec un s\u00e9jour spacieux et moderne. Il est construit avec des mat\u00e9riaux de qualit\u00e9s et de belles finitions.<\/p>\n<p>La cuisine ouverte, est enti\u00e8rement agenc\u00e9e avec un plan de travail en granit.<\/p>\n<p>La chambre est agr\u00e9ablement grande.<\/p>\n<p>Une grande loggia compl\u00e8te le tout.  Cet espace ferm\u00e9, peut faire office de bureau, d'atelier peinture ou d'un jardin d'hiver.<\/p>\n<p><strong>Descriptif<\/strong><\/p>\n<p>1 hall d'entr\u00e9e avec armoire de rangement, 1 s\u00e9jour\/salle \u00e0 manger, 1 chambre, 1 loggia, 1 grande salle de bains avec colonne de lavage.<\/p>\n<p>1 grande cave,<\/p>\n<p>1 place de parc dans le garage en sus CHF 40'000.-<\/p>\n<p><strong>R\u00e9sum\u00e9<\/strong><\/p>\n<p>Appartement 61 m2<\/p>\n<p>Loggia 8 m2<\/p>\n<p>Chauffage au sol \u00e0 distance<\/p>\n<p>Transports publics : Bus 9\u00a0<\/p>\n<p>Visites et Contact : Dalila Lugrin 076 530 93 74<\/p>\n<p>Les informations pr\u00e9sentes dans ce descriptif sont indicatives et non contractuelles.<\/p>\n","protected":false},"featured_media":0,"template":"","listing_type":[2],"property_type":[16],"no_of_rooms":[4],"feature":[29,209,214],"orientation":[],"locality":[181,13],"postcode":[144],"country":[9],"listing_status":[10],"ra_feature":[11],"class_list":["post-2004","listing","type-listing","status-publish","hentry","listing_type-buy","property_type-apartment","no_of_rooms-6-rooms","feature-elevator","feature-child-friendly","feature-wheelchair-accessible","locality-prilly","locality-vaud","postcode-144","country-ch","listing_status-available","ra_feature-published-on-ra"],"acf":[],"_links":{"self":[{"href":"https:\/\/nideal.realadvisor.io\/en\/wp-json\/wp\/v2\/listing\/2004","targetHints":{"allow":["GET"]}}],"collection":[{"href":"https:\/\/nideal.realadvisor.io\/en\/wp-json\/wp\/v2\/listing"}],"about":[{"href":"https:\/\/nideal.realadvisor.io\/en\/wp-json\/wp\/v2\/types\/listing"}],"wp:attachment":[{"href":"https:\/\/nideal.realadvisor.io\/en\/wp-json\/wp\/v2\/media?parent=2004"}],"wp:term":[{"taxonomy":"listing_type","embeddable":true,"href":"https:\/\/nideal.realadvisor.io\/en\/wp-json\/wp\/v2\/listing_type?post=2004"},{"taxonomy":"property_type","embeddable":true,"href":"https:\/\/nideal.realadvisor.io\/en\/wp-json\/wp\/v2\/property_type?post=2004"},{"taxonomy":"no_of_rooms","embeddable":true,"href":"https:\/\/nideal.realadvisor.io\/en\/wp-json\/wp\/v2\/no_of_rooms?post=2004"},{"taxonomy":"feature","embeddable":true,"href":"https:\/\/nideal.realadvisor.io\/en\/wp-json\/wp\/v2\/feature?post=2004"},{"taxonomy":"orientation","embeddable":true,"href":"https:\/\/nideal.realadvisor.io\/en\/wp-json\/wp\/v2\/orientation?post=2004"},{"taxonomy":"locality","embeddable":true,"href":"https:\/\/nideal.realadvisor.io\/en\/wp-json\/wp\/v2\/locality?post=2004"},{"taxonomy":"postcode","embeddable":true,"href":"https:\/\/nideal.realadvisor.io\/en\/wp-json\/wp\/v2\/postcode?post=2004"},{"taxonomy":"country","embeddable":true,"href":"https:\/\/nideal.realadvisor.io\/en\/wp-json\/wp\/v2\/country?post=2004"},{"taxonomy":"listing_status","embeddable":true,"href":"https:\/\/nideal.realadvisor.io\/en\/wp-json\/wp\/v2\/listing_status?post=2004"},{"taxonomy":"ra_feature","embeddable":true,"href":"https:\/\/nideal.realadvisor.io\/en\/wp-json\/wp\/v2\/ra_feature?post=2004"}],"curies":[{"name":"wp","href":"https:\/\/api.w.org\/{rel}","templated":true}]}}

Prilly - Appartement de 2.5 pièces d'env. 65 m2

<h2>Très bel appartement !</h2>
<p>A 3 min à pied des transports publics, dans un immeuble très bien entretenu, proche également des écoles, des commerces et rapidement accessible aux axes routiers.</p>
<p>Actuellement en location.</p>
<p>C'est un appartement très lumineux, avec un séjour spacieux et moderne. Il est construit avec des matériaux de qualités et de belles finitions.</p>
<p>La cuisine ouverte, est entièrement agencée avec un plan de travail en granit.</p>
<p>La chambre est agréablement grande.</p>
<p>Une grande loggia complète le tout.  Cet espace fermé, peut faire office de bureau, d'atelier peinture ou d'un jardin d'hiver.</p>
<p><strong>Descriptif</strong></p>
<p>1 hall d'entrée avec armoire de rangement, 1 séjour/salle à manger, 1 chambre, 1 loggia, 1 grande salle de bains avec colonne de lavage.</p>
<p>1 grande cave,</p>
<p>1 place de parc dans le garage en sus CHF 40'000.-</p>
<p><strong>Résumé</strong></p>
<p>Appartement 61 m2</p>
<p>Loggia 8 m2</p>
<p>Chauffage au sol à distance</p>
<p>Transports publics : Bus 9 </p>
<p>Visites et Contact : Dalila Lugrin 076 530 93 74</p>
<p>Les informations présentes dans ce descriptif sont indicatives et non contractuelles.</p>
